s x(-5)?
17
Let y(g) = -g**2 - 13*g - 12. Suppose 29 = -3*f - 5*t - 23, 4*t + 47 = -3*f. Let a be (1 + 12/f)*(34 + -4). Give y(a).
18
Let u(t) be the first derivative of -t**4/4 + t**3/3 + 10*t**2 + 3*t - 705. Calculate u(5).
3
Let o(t) = 0*t - 4*t + 8 + t**2 - 5. Let r(m) = -m**3 + 8*m**2 - 13*m + 11. Let d = 201 - 195. Let x be r(d). Give o(x).
8
Let v(f) = -2*f**2 - 93*f - 173. Let x be v(-2). Let d(g) = 15 - 3 - 10*g + 9*g. Give d(x).
7
Let d(l) = 671*l**2 - 2*l + 1. Let g be d(1). Suppose -269 = -105*b - 91*b + 123. Let h(i) = 6*i - i**b - i + 669 - g. What is h(4)?
3
Let r(y) = 17*y - 2. Let u(j) = -j**3 + 7*j**2 - 12*j + 9. Let b be u(4). Suppose 0 = -8*i - 1 + b. Determine r(i).
15
Let m(g) = -52*g**2 + 1190*g + 129. Let s be m(23). Let v(r) = 6*r**2 - 66*r - 29. Let f(u) = u**2 - 13*u - 6. Let q(z) = -11*f(z) + 2*v(z). Calculate q(s).
-10
Let d(m) = -m**3 - 10*m**2 - 7*m + 11. Let f be d(-9). Let x(o) be the first derivative of -o**4/4 - 8*o**3/3 - 4*o**2 - 2*o - 20. Determine x(f).
5
Let z(m) be the second derivative of m**6/120 - m**5/20 - m**4/12 - m**3/2 - 13*m**2/2 + 3*m + 17. Let y(v) be the first derivative of z(v). What is y(3)?
-9
Let o(j) = -13*j + 53. Let u(k) = -14*k + 74. Let t(f) = 3*o(f) - 2*u(f). What is t(-7)?
88
Let f(u) = 18*u + 240. Let h = 7698 - 7711. Calculate f(h).
6
Let z(a) be the second derivative of 0*a**2 + 0 + 114*a + 0*a**3 + 7/12*a**4. Determine z(-1).
7
Let d(x) = 2*x - 8. Let j(v) = v - 7. Let z(b) = -3*d(b) + 4*j(b). Let g = 28 - 21. Let u(r) = r**3 - 8*r**2 + 7*r - 3. Let f be u(g). What is z(f)?
2
Let x(t) = 2*t**2 + 15*t - 94. Let h(d) = 3*d**2 + 32*d - 188. Let k(j) = 3*h(j) - 5*x(j). Let u be k(15). Let m(s) = -4*s - 7. Determine m(u).
9
Let g(n) be the first derivative of n**2/2 + 2. Suppose -15*p + 5 - 5 = 0. Let j be 3/(-12)*p - -1. What is g(j)?
1
Suppose 3*f + 2*f = 125. Suppose 7*d - f = 2*d. Let s(r) = -r**2 + 24*r - 4. Let w(z) = -5*z. Let v(x) = s(x) + 3*w(x). Give v(d).
16
Let d(r) = -r + 4. Suppose 3*g = -56 + 8. Let q be (-1)/(1/(-2)*g/(-32)). Calculate d(q).
0
Let q(s) = s + 2. Let i be ((-2 - 2)/(-2))/1. Let t be q(i). Suppose 6*a - 52 = -t. Let g(h) = -h**2 + 8*h - 2. What is g(a)?
-2
Let n(a) = 8*a**2 - 437*a + 265. Let h be n(54). Let l(w) = -w**3 - 4*w**2 + 9*w + 16. Calculate l(h).
-4
Let x be 7 + (3 - 5) + 9. Suppose 0 = -x*f + 15*f - 2. Let s(q) = -f*q + 9*q - 6*q + 7. What is s(-5)?
2
Let b be 508/635 + -6*(-8)/15. Let u(n) = -n**2 + 2*n. Calculate u(b).
-8
Let l(n) = n + 10. Let m be l(7). Let z(v) = 1 + m*v + 6 - 16*v. Determine z(0).
7
Let y be ((-6)/12*-3 + -2)*-18. Let i(c) = -5*c + 39. What is i(y)?
-6
Let l(f) = -3*f**2 + 181*f + 556. Let h be l(-3). Let w(o) = 2*o + 30. Calculate w(h).
2
Suppose 75*i + 15 = 78*i. Suppose -i*v = 20, -2*y - v - 24 = 3*v. Let m(o) = -o - 2. Determine m(y).
2
Let b(x) = 3*x**2 + x. Let r(z) = -16*z**2 + 4*z - 14. Suppose 55*m + 11 = 56*m + 3*n, -3*m - 2*n + 19 = 0. Let c(q) = m*b(q) + r(q). What is c(6)?
4
Let m(z) be the third derivative of z**5/60 - 3*z**4/8 + 2*z**3/3 - z**2. Suppose -19*s - 58 = 18. Let u be (-14)/(-3)*(s + (-11)/(-2)). Calculate m(u).
-10
Let c be 340/(-765)*18 + 49 + 0/2. Let d(i) = -i**2 + 43*i - 100. Give d(c).
-18
Let g(o) = -8*o + 3. Let m(i) = i - 1. Let v(y) = -g(y) - 6*m(y). Suppose 0 = -4*h + 11*h + 14. Calculate v(h).
-1
Let x(z) = -125*z**2 - 5*z + 9. Let f(t) = 156*t**2 + 4*t - 9. Let b(o) = 4*f(o) + 5*x(o). Calculate b(-10).
-1
Let u(l) = -l**3 - 11*l**2 - 2*l - 16. Let h = 648 - 282. Suppose 0 = -3*x - h + 333. Calculate u(x).
6
Let p(g) = 8*g + 8. Let f(a) = 5*a + 3. Let m(c) = f(c) - p(c). Calculate m(7).
-26
Let n(d) = d**3 + 6*d**2 + d - 1. Suppose -4*b - b = -f + 21, -3*b + 29 = 2*f. Suppose -11 = v + 5*j, f = -3*v + v - 4*j. Determine n(v).
-7
Let y(u) be the first derivative of -1/2*u**2 + 1/3*u**3 - 3*u + 5. Calculate y(-3).
9
Let x(m) be the first derivative of -m**4/4 + 8*m**3/3 + 3*m**2/2 + 5*m - 172048. Let q be (-1)/(-1)*-1 - -9. Give x(q).
29
Let z(i) = -i**2 - i. Let a be 27*21/567*-3. Calculate z(a).
-6
Let j(o) be the first derivative of 11/2*o**2 - 1/3*o**3 - 2 - 13*o. Suppose 2*x + 7*i - 35 = 4*i, 4*i = 2*x. Calculate j(x).
-3
Let y be 8/(-12) + 8/(-6) - 1. Let p be -7 + 21*y/(-9). Let g(h) = -h**3 + h - 8. Calculate g(p).
-8
Suppose 4*l = 82*l + 63*l - 8*l. Let d(n) be the second derivative of -1/20*n**5 + 1/6*n**3 - 1/3*n**4 + 6*n + l - n**2. Give d(-4).
-6
Let x = 6 + -5. Let l be 1/((-6)/5 + x). Let n(b) = 2*b**2 + 3*b. Let h(o) = o**3 + 32*o**2 + 36*o - 4. Let q(k) = h(k) - 14*n(k). Give q(l).
1
Let u(i) = 3*i**2 - i. Suppose -2*t + 3*o + 4 = 5*o, 0 = t - 4*o - 7. What is u(t)?
24
Let j(q) = 547*q - 5 - 56 - 549*q. Give j(-27).
-7
Let n = 5611 + -5600. Let z(g) = -31*g + 339. Calculate z(n).
-2
Let w(g) = g**3 + 6*g**2 - 54*g + 23. Let n be 2 + 30/(-11) + 1 - 2976/264. Determine w(n).
12
Let j(c) = -c + 1. Let t(d) = -d**3 - 30*d**2 - 2. Let z be t(-30). Let f(b) = -b**3 + 5*b**2 - 3*b - 3. Let a(s) = z*j(s) - f(s). Calculate a(4).
5
Let i(a) = -a + 24. Suppose 155*w - 426 = 28*w - 1823. Determine i(w).
35
Suppose 44 = -2*g - 0*g + 5*f, 5*g + f + 56 = 0. Let j(y) = -102*y**2 + 205*y**2 - 45*y - 16 + 87*y - 55*y - 104*y**2. Calculate j(g).
-4
Let b(u) = 72*u + 804. Let h be b(-11). Let t(r) = 8*r - 98. What is t(h)?
-2
Let q(h) = h**2 + 11*h + 26. Let d be q(-4). Let i(b) = b + 3. Determine i(d).
1
Let n(r) = 11*r - 23. Let v(m) = -7*m + 15. Let b(p) = -5*n(p) - 8*v(p). Let y(z) be the first derivative of 2*z**2 - 7*z - 41. Let s be y(3). Calculate b(s).
0
Suppose 5*n + 5 = -2*s - 11, -s - 3*n = 8. Let q(g) = -7*g**2 - 10*g - 10. Let w(j) = 19*j**2 + 30*j + 32. Let c(a) = 8*q(a) + 3*w(a). What is c(s)?
0
Let z(l) = l + 5. Let d(y) = 2*y + 11. Let o(n) = -4*d(n) + 9*z(n). Suppose -t + 3*x - 32 = 0, -32*x = -35*x + 27. What is o(t)?
-4
Suppose 2*y = -4*h + 30, 15*y - 16*y - h = -17. Let u(r) = y*r + 4 + 3 + 27*r - 49*r. What is u(9)?
-20
Let n(a) = -a**3 - 4*a**2 + 2*a + 4. Let t = -182 + 182. Let d be ((-3)/1)/(3/(-7)). Suppose -5*x - 5 = -t*x, -2*z = x + d. Give n(z).
-11
Suppose -657*a = -1307*a + 625*a + 400. Let w(x) = 3*x**2 - 41*x - 118. Give w(a).
-6
Let s(q) = -14 + 9*q**2 + q**3 + 7 - 5*q**2. Let f be s(-4). Let a(r) = r**2 + 6*r. Let j(d) = -d**2 - 6*d. Let m(h) = -3*a(h) - 2*j(h). Determine m(f).
-7
Let d(l) be the second derivative of -l**6/120 - l**5/40 - l**4/12 - 163*l**3/6 + l + 15. Let j(b) be the second derivative of d(b). Determine j(-1).
-2
Let j = -12744 + 12746. Let f(x) = -8*x + 3. What is f(j)?
-13
Let f(o) = 5*o**2 - 34*o - 45. Let k be -292 - -315 - (-30)/(-2). Determine f(k).
3
Let q = -1691 - -1706. Let g(f) = -2*f + 25. Calculate g(q).
-5
Suppose 2*i - 20 = -18. Let b be (-1 + 6/i + -4)*3. Let d(c) = 8*c**3 + 3*c**2 + 4*c - b*c**3 - 6*c**3 + 1 - 2*c. Determine d(-2).
17
Let r(m) = 2*m. Let k be (-1253)/(-28) - 1/(-4). Suppose -32 - k = -11*u. Calculate r(u).
14
Suppose 4*t = 2*b + 8, -2*b - t + 3 - 1 = 0. Let l(r) = -2*r + 12 + b - 4. Let a = 29 - 23. What is l(a)?
-4
Let q(g) = -22*g**2 + 19*g - 25. Let f(h) be the second derivative of 19*h**4/12 - 3*h**3 + 25*h**2/2 - 19*h - 4. Let m(o) = 7*f(o) + 6*q(o). What is m(10)?
5
Let l(y) = y - 1. Suppose -2*r = 0, o + 14 = -6*r + 5*r. Let z be (25/(-50))/((-1)/o). Give l(z).
-8
Let p(k) = -2*k**2 + k + 9. Let t = -4215 + 4213. Calculate p(t).
-1
Suppose -429 = -2*n - 413. Let r(z) be the third derivative of -z**4/24 - 3*z**3/2 - 5*z**2. Give r(n).
-17
Let w = -444 - -445. Let j be 15/20 + (-21)/(-4). Let s(i) = -w + j - i - 4. What is s(0)?
1
Suppose -3*t - 4*t + 217 = 0. Let j(q) = 19*q + 23*q - t*q. Give j(1).
11
Let v(b) = 5*b + 160. Suppose 5*s = -3*t - 71, 0 = -0*t - 3*t + 2*s - 106. Calculate v(t).
0
Let p(l) = l**2 + 7*l - 21. Let t(d) = d + 1. Let f(i) = -p(i) - 2*t(i). Let o(x) = 1169*x - 61968. Let q be o(53). Calculate f(q).
-3
Let s(b) = b + 4. Let p be (-172)/(-6) - 2/3. Let d be 6/11 - 4382/(-462)*3. Suppose p*w - d*w = 0. What is s(w)?
4
Let u(i) = -3*i - 33. Let o(w) = 9*w + 20. Let p(m) = -7*m - 18. Let c(s) = -3*o(s) - 4*p(s). Let n(y) = -7*c(y) - 2*u(y). Give n(-8).
-10
Let c(k) = k**3 + 8*k**2 + 8*k + 7. Suppose -19 = 172*f - 167*f + 4*w, 0 = -4*f + w - 32. Give c(f).
0
Let g(o) = 